 x*w - w, 3*w - 128 = 4*f. What is the remainder when w is divided by 13?
10
Suppose n + 2*n + 96 = 3*q, -n - 1 = 0. Suppose 0 = 2*v + 1 - q. Calculate the remainder when 43 is divided by v.
13
Let s(o) = -o**2 + 2*o + 5. Let w be s(0). Suppose 196 = w*r + 3*f, -2*r - f = -6*f - 97. What is the remainder when r is divided by 15?
11
Calculate the remainder when 75 is divided by -4*15/(-6) + 1.
9
Let n(d) = d**2 - 3*d + 3. Let b be n(3). Let k be b/6*7*2. Suppose -2*c - 3 + k = 0. What is the remainder when c is divided by 1?
0
Suppose t - 2*t = -16. Suppose -a - 3 = -t. What is the remainder when a is divided by 5?
3
Suppose -4*s + 2*s = -50. What is the remainder when 97 is divided by s?
22
What is the remainder when 35 is divided by ((-1)/2)/(((-7)/36)/7)?
17
Suppose 4*n = d - 18, 2*d - 2*n = 3*d + 6. Suppose -21*k = -11*k - 10. What is the remainder when d is divided by k?
0
Suppose -3*i = 2*q + 2*i - 20, 5*i - 20 = -q. Calculate the remainder when 12 is divided by 3 - q - (-2 + -2).
5
Let s be (-112)/(-18) - 4/18. Let i(p) = 2*p + 1. Suppose -8 = 3*d - 29. What is the remainder when i(s) is divided by d?
6
Let d(z) = -z**3 + 7*z**2 - 6*z - 3. Let u be 60/(-18)*(-6)/4. What is the remainder when 50 is divided by d(u)?
16
Suppose -2*y - 5*b = 28 - 2, -4*b = 8. Suppose 6 = q - 3. What is the remainder when (50/(-4))/(4/y) is divided by q?
7
Suppose 0*a - 3*z + 21 = a, -25 = -5*z. Let p = 9 - a. What is the remainder when 4 is divided by p?
1
Let g(f) = f + 8. Let v(m) = m - 6. Suppose -x = -4*x. Let i be v(x). What is the remainder when 4 is divided by g(i)?
0
Suppose 2*z - 29 = 4*g - 5, -2*z + 5*g = -27. Calculate the remainder when 27 is divided by z.
3
Let a(i) = i**2 + 7*i. Let f be a(-7). Suppose -3*d + 54 = -f*d. What is the remainder when 53 is divided by d?
17
Let g(r) = -r**2 - 3*r + 3. Let x be g(-3). Suppose f + 5*m + x = 0, 5*f - m + 1 = 38. What is the remainder when f is divided by 2?
1
Let u be (-2)/6*108/(-12). Suppose -2*c + 33 - u = 0. Suppose 5*z = -3*r + 67, -5*r - 2*z + 108 = -r. Calculate the remainder when r is divided by c.
14
Let t(x) = x**2 - 7*x - 5. Let m be t(6). Let a = m + 18. What is the remainder when 11 is divided by a?
4
Let d = -14 + 25. Let i(h) = -h**2 - 5*h - 1. Let o be i(-4). Suppose -5*c = -o*x + 88, 3*x - x = -2*c + 64. Calculate the remainder when x is divided by d.
9
Let p(g) = -g**2 - 10*g - 7. Suppose 5*w - 108 = -2*q, -w = 4*q - 282 + 84. What is the remainder when q is divided by p(-4)?
15
Suppose -10 = 2*p - 2*f, 3*p + 2*p + 60 = -2*f. What is the remainder when 3 is divided by (-4)/3*15/p?
1
Let l = 101 + -54. Calculate the remainder when 138 is divided by l.
44
Suppose 0 = l - 1 - 2. What is the remainder when 2 + 6/(3/l) is divided by 3?
2
Suppose -7*o - 47 = -3*o + w, 0 = -4*o + 5*w - 77. Let r = 29 + o. What is the remainder when 47 is divided by r?
15
Let x = 2 + 10. Calculate the remainder when 59 is divided by x.
11
Suppose 5*j + 0*j = 180. Suppose -5*r + j - 11 = 0. Calculate the remainder when r is divided by 2.
1
Let v be 18/4*6/(-9). What is the remainder when 16 is divided by 4/(-12) + (-22)/v?
2
Let d be 2/(-10) + 156/30. Suppose 4 = -d*x - 5*q + 29, 2*x + q - 8 = 0. What is the remainder when 7 is divided by x?
1
What is the remainder when 25 + 0 + -3 + 1 is divided by 6?
5
Let x(d) = -28*d + 5. Let v be x(-4). Suppose 3*u - 6*u = -v. Suppose 2*y + 58 = 4*s, -2*s - 8*y = -4*y - 24. Calculate the remainder when u is divided by s.
11
Let s = -4 + -3. Let g = s + 16. Calculate the remainder when 34 is divided by g.
7
Let j = 21 - 11. Calculate the remainder when j is divided by 3.
1
Suppose 2*c - 20 = -s - 2*c, 4*s = -2*c + 122. What is the remainder when 62 is divided by s?
30
Suppose -w = 5*y - 254, -5*w - 4*y + 505 = -723. Suppose -2*x + 0*x + w = 0. Suppose 3*a = x - 23. What is the remainder when a is divided by 17?
16
Let x(s) = -18*s**3 - s**2 - 2*s - 1. What is the remainder when 159 is divided by x(-1)?
15
Suppose r + 5 = 1. Let n = r - -54. What is the remainder when n is divided by 13?
11
Suppose -4*u = 5*x - 3*u - 1117, 3*x - 669 = -u. Calculate the remainder when 33/55 + x/10 is divided by 6.
5
Let g(s) = 9*s**2 - 4*s + 3. Calculate the remainder when g(2) is divided by 17.
14
Let w = 15 + -10. Suppose r + 5 = 4*b, 5*b - 22 = -w*r + 53. What is the remainder when 21 is divided by r?
10
Let m = 18 - 18. Suppose 27 = 3*u - m*u. Calculate the remainder when 26 is divided by u.
8
Let o = -26 - -59. What is the remainder when o is divided by 9?
6
Suppose -6 = -j + 23. Calculate the remainder when j is divided by 1 + 2 + -16 + 23.
9
Let g(x) = x**3 + 13*x**2 + 17*x + 5. Calculate the remainder when g(-8) is divided by 48.
45
Suppose -b + 5*b + 71 = f, -3*f + 273 = 3*b. Suppose -f = -8*l + 5*l. Calculate the remainder when l is divided by 15.
14
Let p(t) = -t**2 - 13*t + 5. What is the remainder when 47 is divided by p(-12)?
13
Suppose 3*j - 4*j + 41 = 0. Calculate the remainder when 80 is divided by j.
39
Let n = -8 - -11. Suppose 3*u - 36 = n. Calculate the remainder when u is divided by 7.
6
Suppose t - h = 60, -h = 5*t - 7*t + 117. What is the remainder when t is divided by 9?
3
Suppose 208 = 6*m + 7*m. Calculate the remainder when 21 is divided by m.
5
Suppose 2*f = -m - 4*m + 190, -4*m + 5*f + 185 = 0. Calculate the remainder when m is divided by 22.
18
Suppose 0 = 9*m - 6*m - 24. What is the remainder when 39 is divided by m?
7
Suppose 4*s - 2 = 3*s. Suppose -4*v = 4*f - 40, 4*v - 2*f = s*f + 48. What is the remainder when 32 is divided by v?
10
Let z(p) = p**3 - 7*p**2 + 8*p - 5. What is the remainder when 18 is divided by z(6)?
4
Suppose 49 - 157 = -4*v. Suppose -v = 3*r - 108. Calculate the remainder when r is divided by 10.
7
Suppose -132 = -4*w + 84. Calculate the remainder when w is divided by 11.
10
Let i be -2 + 2 + (-248)/(-4). Suppose s + 2 = 3*t - i, -2*s + 32 = 2*t. Calculate the remainder when 57 is divided by t.
17
Suppose -3*y - 2*y + 135 = 0. Let t = -10 + y. What is the remainder when 33 is divided by t?
16
Let w be 2/(12/(-531))*-6. Suppose -w = -5*v - 176. Suppose 0 = 4*n + s - 167, -2*n - 5*s + 2*s = -v. What is the remainder when n is divided by 15?
13
Suppose -2*r = 3*u - 1 - 18, 3*r = 3*u - 9. Suppose 0 = -4*d + n + r*n + 25, 3*d - 17 = 4*n. Calculate the remainder when 25 is divided by d.
4
Suppose 4*v - 2*d = 68 + 12, 0 = 2*d. Suppose -35 = -4*i + 3*l, 30 + 18 = 3*i + 5*l. What is the remainder when v is divided by i?
9
Let v = 2 + -12. What is the remainder when (186/v)/((-9)/45) is divided by 19?
17
Let r(w) = w + 6. Let k be r(-5). Let s be (2 - (-2)/k) + -2. Let o = 8 + s. Calculate the remainder when 28 is divided by o.
8
Suppose 6*t - 3 = 3*p + 3*t, 5*t - 5 = -p. Suppose -4*d + 2*d + 2 = p. Calculate the remainder when 10 is divided by 1/((-3)/(d*-12)).
2
Suppose 5*b + 2*s = 26 + 51, 5*b + 5*s = 65. Let r be (32/(-12))/((-2)/6). Let v = -2 + r. Calculate the remainder when b is divided by v.
5
Suppose -344 = -7*q + 265. Calculate the remainder when q is divided by 15.
12
Let w be (-6)/(-15) + (-32)/(-20). Suppose w*q - 3*p = -4, 5*p - 23 = -3. Suppose 0 = q*j - 12 - 48. What is the remainder when 59 is divided by j?
14
Let b(a) = a**3 - 8*a**2 - 2*a + 22. Calculate the remainder when b(9) is divided by 29.
27
Let h(j) = -j**2 - 12*j + 24. Suppose -186 = -3*s + k - 48, -4*s + 168 = 4*k. What is the remainder when s is divided by h(-12)?
21
Suppose 3*p - 632 = -134. What is the remainder when p is divided by 42?
40
Let h(r) = -r**3 - 3*r**2 + 3*r - 2. Let y be h(-4). Calculate the remainder when 25 is divided by -9*(y + -1 + -2).
7
Suppose -p = 7*p - 112. Let w(g) = g + 25. Let r = -17 - -27. Calculate the remainder when w(p) is divided by r.
9
Suppose 0 = -f + 2*v + 12, 3*f + 3*v - 12 = 15. Calculate the remainder when f is divided by -1 - 0 - (3 - 7).
1
Calculate the remainder when 53 is divided by (-20)/15*-12 + -2.
11
Calculate the remainder when 117 is divided by (1 - 4)/(-1)*(-132)/(-36).
7
Let q(m) = 3*m**2 - m + 1. Let z(t) = -t + 4. Let v be z(6). Let i be q(v). Calculate the remainder when 46 is divided by (i/(-9) - -3)*18.
22
Let q = -18 - -21. Suppose q*x = 102 - 15. Calculate the remainder when x is divided by 8.
5
Suppose 